{"id":1664,"date":"2022-07-05T18:37:02","date_gmt":"2022-07-05T16:37:02","guid":{"rendered":"https:\/\/accra.musikerohnegrenzen.de\/?page_id=1664"},"modified":"2022-07-05T18:40:58","modified_gmt":"2022-07-05T16:40:58","slug":"team-2022","status":"publish","type":"page","link":"https:\/\/accra.musikerohnegrenzen.de\/gb\/ueber-uns\/team\/team-2022\/","title":{"rendered":"Team 2022"},"content":{"rendered":"<div id='Team_2022' class='widgets_on_page wop_tiny1  wop_small1  wop_medium1  wop_large1  wop_wide1'>\n\t\t\t<ul><li id=\"dorayaki_team-32\" class=\"widget widget_dorayaki_team\">\n\t\t\t<div class=\"team-box\">\n\t\t\t\t<div class=\"tm-info\">\n\t\t\t\t\t<img decoding=\"async\" src=\"https:\/\/accra.musikerohnegrenzen.de\/wp-content\/uploads\/2022\/07\/Lea-Voderholzer-500.jpg\" alt=\"Lea Voderholzer\" class=\"tm-img\">\n\t\t\t\t\t<div class=\"tm-author\">\n\t\t\t\t\t\t<h4>Lea Voderholzer<\/h4>\n\t\t\t\t\t\t<span class=\"tm-pos\">Klarinette, Gitarre<\/span>\n\t\t\t\t\t\t\t<p class=\"tm-text\">Lea hatte in Deutschland einen einfachen Zugang zu Musik, sowohl theoretisch, als auch am Instrument. Jetzt freut sie sich, dass sie das Gelernte mit Kindern teilen kann, die sonst keine gro\u00dfen Chancen darauf h\u00e4tten. Die gr\u00f6\u00dfte Best\u00e4tigung ist, wenn man in stolze und lachende Augen der Sch\u00fcler schaut \ud83d\ude42<\/p>\n\t\t\t\t\t\t\t<a href=\"https:\/\/netzwerk.musikerohnegrenzen.de\/members\/leavoderholzer\/\" class=\"tm-link\">Netzwerk<\/a>\t\t\t\t\t\t\t\t\t\t\t\t<\/div>\n\t\t\t\t<\/div><!-- end .tm-info -->\n\t\t\t\t<div class=\"tm-quote\">\n\t\t\t\t\t<p>Musik ist Universalsprache und Sch\u00f6nheit - egal an welchem Ort.<\/p>\n\t\t\t\t<\/div><!-- end .tm-quote -->\n\t\t\t<\/div><!-- end .team-box -->\n\n\t\t <\/li><li id=\"dorayaki_team-33\" class=\"widget widget_dorayaki_team\">\n\t\t\t<div class=\"team-box\">\n\t\t\t\t<div class=\"tm-info\">\n\t\t\t\t\t<img decoding=\"async\" src=\"https:\/\/accra.musikerohnegrenzen.de\/wp-content\/uploads\/2022\/08\/Hannes-Goeser-500.jpg\" alt=\"Hannes G\u00f6ser\" class=\"tm-img\">\n\t\t\t\t\t<div class=\"tm-author\">\n\t\t\t\t\t\t<h4>Hannes G\u00f6ser<\/h4>\n\t\t\t\t\t\t<span class=\"tm-pos\">Klarinette, Gitarre<\/span>\n\t\t\t\t\t\t\t<p class=\"tm-text\">Hannes ist mehr oder weniger zuf\u00e4llig auf Musiker ohne Grenzen gestosen. Nun freut er sich darauf in Ghana sein musikalisches Wissen und K\u00f6nnen weiterzugeben und erste Erfahrungen im Unterrichten zu machen. Aber dabei gleichzeitig viel \u00fcber die Kultur und das Land zu lernen sowie viele neue Bekanntschaften zu machen.<\/p>\n\t\t\t\t\t\t\t<a href=\"https:\/\/netzwerk.musikerohnegrenzen.de\/members\/hannes0003\/\" class=\"tm-link\">Netzwerk<\/a>\t\t\t\t\t\t\t\t\t\t\t\t<\/div>\n\t\t\t\t<\/div><!-- end .tm-info -->\n\t\t\t\t<div class=\"tm-quote\">\n\t\t\t\t\t<p>Man \"spielt\" ein Instrument weniger, als dass man auf ihm \"spricht\". Eine M\u00f6glichkeit, mit der man seine Empfindungen ausdr\u00fccken kann.<\/p>\n\t\t\t\t<\/div><!-- end .tm-quote -->\n\t\t\t<\/div><!-- end .team-box -->\n\n\t\t <\/li><li id=\"dorayaki_team-34\" class=\"widget widget_dorayaki_team\">\n\t\t\t<div class=\"team-box\">\n\t\t\t\t<div class=\"tm-info\">\n\t\t\t\t\t<img decoding=\"async\" src=\"https:\/\/accra.musikerohnegrenzen.de\/wp-content\/uploads\/2022\/09\/Isabel-Drahosch-500.jpg\" alt=\"Isabel Drahosch\" class=\"tm-img\">\n\t\t\t\t\t<div class=\"tm-author\">\n\t\t\t\t\t\t<h4>Isabel Drahosch<\/h4>\n\t\t\t\t\t\t<span class=\"tm-pos\">Oboe, Klavier, Blockfl\u00f6te<\/span>\n\t\t\t\t\t\t\t<p class=\"tm-text\">Isabel ist begeistert von allem, was mit Musik zu tun hat, aber vorallem, wenn man es gemeinsam macht, sei es Unterrichten, Chor, Ensembles, Tanzen oder Orchester.<\/p>\n\t\t\t\t\t\t\t<a href=\"https:\/\/netzwerk.musikerohnegrenzen.de\/members\/isadrah\/\" class=\"tm-link\">Netzwerk<\/a>\t\t\t\t\t\t\t\t\t\t\t\t<\/div>\n\t\t\t\t<\/div><!-- end .tm-info -->\n\t\t\t\t<div class=\"tm-quote\">\n\t\t\t\t\t<p>Musik verbindet<\/p>\n\t\t\t\t<\/div><!-- end .tm-quote -->\n\t\t\t<\/div><!-- end .team-box -->\n\n\t\t <\/li><li id=\"dorayaki_team-35\" class=\"widget widget_dorayaki_team\">\n\t\t\t<div class=\"team-box\">\n\t\t\t\t<div class=\"tm-info\">\n\t\t\t\t\t<img decoding=\"async\" src=\"https:\/\/accra.musikerohnegrenzen.de\/wp-content\/uploads\/2022\/09\/Alexandra-Heussen-500.jpg\" alt=\"Alexandra Heu\u00dfen\" class=\"tm-img\">\n\t\t\t\t\t<div class=\"tm-author\">\n\t\t\t\t\t\t<h4>Alexandra Heu\u00dfen<\/h4>\n\t\t\t\t\t\t<span class=\"tm-pos\">Klarinette, Allroundbetreuerin, Chor und Ensemble<\/span>\n\t\t\t\t\t\t\t<p class=\"tm-text\">Zu sehen mit welcher Begeisterung die Kinder Musizieren hat Alexandra direkt sp\u00fcren lassen wie sinnvoll dieses Projekt ist. Nicht nur die Klarinette stand bei ihr im Fokus, es wurde auch ein Einblick in viele weitere Instrumente gew\u00e4hrt. Alexandra ist dankbar f\u00fcr die Erfahrung und blickt schon mit Wehmut auf die anstehende R\u00fcckreise.<\/p>\n\t\t\t\t\t\t\t<a href=\"https:\/\/netzwerk.musikerohnegrenzen.de\/members\/alexandra\/\" class=\"tm-link\">Netzwerk<\/a>\t\t\t\t\t\t\t\t\t\t\t\t<\/div>\n\t\t\t\t<\/div><!-- end .tm-info -->\n\t\t\t\t<div class=\"tm-quote\">\n\t\t\t\t\t<p>Musik ist eine Welt in sich, mit einer Sprache, die wir alle verstehen!<\/p>\n\t\t\t\t<\/div><!-- end .tm-quote -->\n\t\t\t<\/div><!-- end .team-box -->\n\n\t\t <\/li><li id=\"dorayaki_team-36\" class=\"widget widget_dorayaki_team\">\n\t\t\t<div class=\"team-box\">\n\t\t\t\t<div class=\"tm-info\">\n\t\t\t\t\t<img decoding=\"async\" src=\"https:\/\/accra.musikerohnegrenzen.de\/wp-content\/uploads\/2023\/01\/Aylin-Evciler-500.jpg\" alt=\"Aylin Evciler\" class=\"tm-img\">\n\t\t\t\t\t<div class=\"tm-author\">\n\t\t\t\t\t\t<h4>Aylin Evciler<\/h4>\n\t\t\t\t\t\t<span class=\"tm-pos\">Posaune, Klavier<\/span>\n\t\t\t\t\t\t\t<p class=\"tm-text\">Aylin freut sich nach dem Abi auf neue Erfahrungen, Ver\u00e4nderungen, ein neues Land kennenzulernen und aufs gemeinsame Musizieren mit Kindern.<\/p>\n\t\t\t\t\t\t\t<a href=\"https:\/\/netzwerk.musikerohnegrenzen.de\/members\/aylin\/\" class=\"tm-link\">Netzwerk<\/a>\t\t\t\t\t\t\t\t\t\t\t\t<\/div>\n\t\t\t\t<\/div><!-- end .tm-info -->\n\t\t\t\t<div class=\"tm-quote\">\n\t\t\t\t\t<p><\/p>\n\t\t\t\t<\/div><!-- end .tm-quote -->\n\t\t\t<\/div><!-- end .team-box -->\n\n\t\t <\/li><\/ul><\/div><!-- widgets_on_page -->\n","protected":false},"excerpt":{"rendered":"","protected":false},"author":1,"featured_media":0,"parent":1052,"menu_order":2,"comment_status":"closed","ping_status":"closed","template":"page-templates\/full-width.php","meta":{"footnotes":""},"translation":{"provider":"WPGlobus","version":"2.12.2","language":"gb","enabled_languages":["de","gb"],"languages":{"de":{"title":true,"content":true,"excerpt":false},"gb":{"title":false,"content":false,"excerpt":false}}},"_links":{"self":[{"href":"https:\/\/accra.musikerohnegrenzen.de\/gb\/wp-json\/wp\/v2\/pages\/1664"}],"collection":[{"href":"https:\/\/accra.musikerohnegrenzen.de\/gb\/wp-json\/wp\/v2\/pages"}],"about":[{"href":"https:\/\/accra.musikerohnegrenzen.de\/gb\/wp-json\/wp\/v2\/types\/page"}],"author":[{"embeddable":true,"href":"https:\/\/accra.musikerohnegrenzen.de\/gb\/wp-json\/wp\/v2\/users\/1"}],"replies":[{"embeddable":true,"href":"https:\/\/accra.musikerohnegrenzen.de\/gb\/wp-json\/wp\/v2\/comments?post=1664"}],"version-history":[{"count":3,"href":"https:\/\/accra.musikerohnegrenzen.de\/gb\/wp-json\/wp\/v2\/pages\/1664\/revisions"}],"predecessor-version":[{"id":1675,"href":"https:\/\/accra.musikerohnegrenzen.de\/gb\/wp-json\/wp\/v2\/pages\/1664\/revisions\/1675"}],"up":[{"embeddable":true,"href":"https:\/\/accra.musikerohnegrenzen.de\/gb\/wp-json\/wp\/v2\/pages\/1052"}],"wp:attachment":[{"href":"https:\/\/accra.musikerohnegrenzen.de\/gb\/wp-json\/wp\/v2\/media?parent=1664"}],"curies":[{"name":"wp","href":"https:\/\/api.w.org\/{rel}","templated":true}]}}

<div id='Team_2022' class='widgets_on_page wop_tiny1  wop_small1  wop_medium1  wop_large1  wop_wide1'>
			<ul><li id="dorayaki_team-32" class="widget widget_dorayaki_team">
			<div class="team-box">
				<div class="tm-info">
					<img decoding="async" src="https://accra.musikerohnegrenzen.de/wp-content/uploads/2022/07/Lea-Voderholzer-500.jpg" alt="Lea Voderholzer" class="tm-img">
					<div class="tm-author">
						<h4>Lea Voderholzer</h4>
						<span class="tm-pos">Klarinette, Gitarre</span>
							<p class="tm-text">Lea hatte in Deutschland einen einfachen Zugang zu Musik, sowohl theoretisch, als auch am Instrument. Jetzt freut sie sich, dass sie das Gelernte mit Kindern teilen kann, die sonst keine großen Chancen darauf hätten. Die größte Bestätigung ist, wenn man in stolze und lachende Augen der Schüler schaut 🙂</p>
							<a href="https://netzwerk.musikerohnegrenzen.de/members/leavoderholzer/" class="tm-link">Netzwerk</a>												</div>
				</div><!-- end .tm-info -->
				<div class="tm-quote">
					<p>Musik ist Universalsprache und Schönheit - egal an welchem Ort.</p>
				</div><!-- end .tm-quote -->
			</div><!-- end .team-box -->

		 </li><li id="dorayaki_team-33" class="widget widget_dorayaki_team">
			<div class="team-box">
				<div class="tm-info">
					<img decoding="async" src="https://accra.musikerohnegrenzen.de/wp-content/uploads/2022/08/Hannes-Goeser-500.jpg" alt="Hannes Göser" class="tm-img">
					<div class="tm-author">
						<h4>Hannes Göser</h4>
						<span class="tm-pos">Klarinette, Gitarre</span>
							<p class="tm-text">Hannes ist mehr oder weniger zufällig auf Musiker ohne Grenzen gestosen. Nun freut er sich darauf in Ghana sein musikalisches Wissen und Können weiterzugeben und erste Erfahrungen im Unterrichten zu machen. Aber dabei gleichzeitig viel über die Kultur und das Land zu lernen sowie viele neue Bekanntschaften zu machen.</p>
							<a href="https://netzwerk.musikerohnegrenzen.de/members/hannes0003/" class="tm-link">Netzwerk</a>												</div>
				</div><!-- end .tm-info -->
				<div class="tm-quote">
					<p>Man "spielt" ein Instrument weniger, als dass man auf ihm "spricht". Eine Möglichkeit, mit der man seine Empfindungen ausdrücken kann.</p>
				</div><!-- end .tm-quote -->
			</div><!-- end .team-box -->

		 </li><li id="dorayaki_team-34" class="widget widget_dorayaki_team">
			<div class="team-box">
				<div class="tm-info">
					<img decoding="async" src="https://accra.musikerohnegrenzen.de/wp-content/uploads/2022/09/Isabel-Drahosch-500.jpg" alt="Isabel Drahosch" class="tm-img">
					<div class="tm-author">
						<h4>Isabel Drahosch</h4>
						<span class="tm-pos">Oboe, Klavier, Blockflöte</span>
							<p class="tm-text">Isabel ist begeistert von allem, was mit Musik zu tun hat, aber vorallem, wenn man es gemeinsam macht, sei es Unterrichten, Chor, Ensembles, Tanzen oder Orchester.</p>
							<a href="https://netzwerk.musikerohnegrenzen.de/members/isadrah/" class="tm-link">Netzwerk</a>												</div>
				</div><!-- end .tm-info -->
				<div class="tm-quote">
					<p>Musik verbindet</p>
				</div><!-- end .tm-quote -->
			</div><!-- end .team-box -->

		 </li><li id="dorayaki_team-35" class="widget widget_dorayaki_team">
			<div class="team-box">
				<div class="tm-info">
					<img decoding="async" src="https://accra.musikerohnegrenzen.de/wp-content/uploads/2022/09/Alexandra-Heussen-500.jpg" alt="Alexandra Heußen" class="tm-img">
					<div class="tm-author">
						<h4>Alexandra Heußen</h4>
						<span class="tm-pos">Klarinette, Allroundbetreuerin, Chor und Ensemble</span>
							<p class="tm-text">Zu sehen mit welcher Begeisterung die Kinder Musizieren hat Alexandra direkt spüren lassen wie sinnvoll dieses Projekt ist. Nicht nur die Klarinette stand bei ihr im Fokus, es wurde auch ein Einblick in viele weitere Instrumente gewährt. Alexandra ist dankbar für die Erfahrung und blickt schon mit Wehmut auf die anstehende Rückreise.</p>
							<a href="https://netzwerk.musikerohnegrenzen.de/members/alexandra/" class="tm-link">Netzwerk</a>												</div>
				</div><!-- end .tm-info -->
				<div class="tm-quote">
					<p>Musik ist eine Welt in sich, mit einer Sprache, die wir alle verstehen!</p>
				</div><!-- end .tm-quote -->
			</div><!-- end .team-box -->

		 </li><li id="dorayaki_team-36" class="widget widget_dorayaki_team">
			<div class="team-box">
				<div class="tm-info">
					<img decoding="async" src="https://accra.musikerohnegrenzen.de/wp-content/uploads/2023/01/Aylin-Evciler-500.jpg" alt="Aylin Evciler" class="tm-img">
					<div class="tm-author">
						<h4>Aylin Evciler</h4>
						<span class="tm-pos">Posaune, Klavier</span>
							<p class="tm-text">Aylin freut sich nach dem Abi auf neue Erfahrungen, Veränderungen, ein neues Land kennenzulernen und aufs gemeinsame Musizieren mit Kindern.</p>
							<a href="https://netzwerk.musikerohnegrenzen.de/members/aylin/" class="tm-link">Netzwerk</a>												</div>
				</div><!-- end .tm-info -->
				<div class="tm-quote">
					<p></p>
				</div><!-- end .tm-quote -->
			</div><!-- end .team-box -->

		 </li></ul></div><!-- widgets_on_page -->
